046, 3*b + 96775 = -56*i + 61*i. What is the hundreds digit of i?
3
Suppose 0 = -2*u + 80 - 14. Let f(m) = -16 + 2*m + u + 13. What is the units digit of f(17)?
4
Suppose 3*a - 8 = 2*t, t + 4*a - 7 + 11 = 0. What is the units digit of ((-171)/(-9))/(t/(-176))?
6
Let g(i) = 83*i + 370. What is the tens digit of g(61)?
3
Suppose 4*g = -3*p + 142, -p - 10*g + 13*g = -30. What is the hundreds digit of 1379 + (12/126 - 214/p)?
3
Suppose 10*k - 8*k - 11466 = -2*p, 22890 = 4*k - 2*p. What is the hundreds digit of k?
7
Suppose -209035 - 262746 - 70023 = -38*m. What is the ten thousands digit of m?
1
Let s(w) = w**3 + 8*w**2 + w + 14. Let m be s(-8). Suppose -m*c + 2255 + 1381 = 0. What is the units digit of c?
6
Let h(l) = -72*l + 125. Let m be (5 - 12) + (3 - 2). What is the tens digit of h(m)?
5
Suppose 4*z - 32 = 0, -2*v + 6*z = -0*z - 67758. What is the thousands digit of v?
3
Suppose 15 = 4*p - 5*m, 2*p = -5*m - 3 + 18. Suppose -5*b - j + 433 = -829, p*b + 5*j = 1270. What is the hundreds digit of b?
2
Let b = -2390 - -2557. What is the tens digit of b?
6
Suppose -9*j + 8*j = -2*c - 388, 0 = 5*j + 5*c - 1985. What is the hundreds digit of 20/10 + (j/1 - 0)?
3
Let s(q) = q**3 + 16*q**2 + 37*q - 4. Suppose 3*t + 6*z + 31 = 4*z, -4*t = 2*z + 42. What is the units digit of s(t)?
4
Let o = 9894 - 6438. Suppose 14*v + o = 26*v. What is the hundreds digit of v?
2
Let o be (-1)/((-2)/4) - (-18)/6. Suppose -433 - 397 = o*u. Let s = -92 - u. What is the tens digit of s?
7
Let m = -2382 + 7003. What is the tens digit of m?
2
Let d = -2031 + 8534. What is the tens digit of d?
0
Let q(l) = -756*l + 21. Let p be q(-7). Suppose -13*s = -p - 2994. What is the hundreds digit of s?
6
Let m(s) = 2*s**2 + 19*s - 8. Suppose i = -5*i - 66. Let f be m(i). What is the units digit of (f - 1)*(-60)/(-9)?
0
Let g be 7/1 + 1541/23. Let n = -49 + g. What is the units digit of n?
5
Let l(w) = 3*w**3 + 7*w**2 + 2*w - 24. Let k be l(8). Suppose -2*b + k = -938. What is the units digit of b?
7
Let c = -11951 - -12526. What is the units digit of c?
5
Let j be (-9)/(-6)*8/6. Suppose 0 = j*i - 4 - 4. Suppose -2*z = -i*t - 190, 4 - 10 = -2*t. What is the tens digit of z?
0
Let j(a) = 26*a + 634. What is the tens digit of j(-22)?
6
Let n = 215 + -209. Let b(x) = x**3 + x**2 + 6*x. What is the tens digit of b(n)?
8
Suppose 83*g - 150380 - 51625 = 394516. What is the units digit of g?
7
Let c be (16/(-24))/((-2)/1053). Let q = 612 - c. What is the tens digit of q?
6
Let c(y) be the third derivative of 13*y**3/6 - 7*y**2. Let j(a) = a**2 - a + 12. Let x(n) = -4*c(n) + 3*j(n). What is the units digit of x(6)?
4
Suppose -8265 = -25*a + 3760. Let w = 1998 - a. What is the tens digit of w?
1
Suppose -m + 2225 - 628 = 0. Suppose -5 - 315 = -32*i. Suppose 0 = i*r - 343 - m. What is the hundreds digit of r?
1
Let i = 337 - 75. Let a = -255 + i. What is the units digit of a?
7
Suppose 5*k = -4*a - 172635, -14*a + 4*k - 86324 = -12*a. What is the units digit of (-2)/3 - a/39?
6
Suppose 124 - 625 = -3*k. Let p = k - 74. What is the tens digit of p?
9
Suppose 0 = 5*l + 2*u - 10538, 4*u + 6314 = 3*l + 3*u. What is the hundreds digit of l?
1
Suppose -p - 4*y + 8780 = -4642, 5*p = -2*y + 67146. What is the ten thousands digit of p?
1
Suppose 15*k - 444075 - 528617 = -13*k. What is the hundreds digit of k?
7
Let l(d) = 5*d**2 - 36*d + 34. What is the units digit of l(-33)?
7
Let x(b) = 6*b**2 - 39*b - 4953. What is the tens digit of x(-76)?
6
Let q(d) = -d**3 + 27*d**2 + 36*d + 63. Let f be q(28). Let j = f - -37. What is the units digit of j?
4
Let g = 32014 + -22866. What is the units digit of g?
8
Let m = 25 - 22. Let c be ((-67)/(-2))/((m + -4)/(-6)). Let t = c + -17. What is the units digit of t?
4
Let y be ((-7)/2 + 2)/(45/60). What is the hundreds digit of (y + 3 - 5) + 920?
9
Suppose 5*l = -102952 - 31148. What is the hundreds digit of 1/(-2) - l/40?
6
Let u be (-45)/(-2)*(-6)/9. Let z be 7 - u/(-1 - 4). Suppose 26 + 38 = z*h. What is the tens digit of h?
1
Suppose d - 5*d = -2*f + 40, -4*f + 50 = -2*d. Let v = -8 + f. Suppose z + 12 = 2*z + v*s, -5*s = -3*z + 58. What is the units digit of z?
6
Let p be (-16)/4 + (-65)/1. Let t = -50 - p. Suppose t*k = 15*k + 304. What is the tens digit of k?
7
Suppose 0 = 2*g - 2*r - 4650, 4640 = -17*g + 19*g + 3*r. What is the thousands digit of g?
2
Suppose 4*d - 1784 = 4*s, 5*d + 6*s - s = 2250. Let z = d + 224. What is the units digit of z?
2
Let k(u) = 11*u - 4. Let f be k(6). Let z be (2*(1 - (-7)/(-6)))/(6/(-54)). Let o = f + z. What is the units digit of o?
5
Let x be 5/1 + 4 + -9. Suppose x = -5*q - 21 + 36. Suppose -2*y + q*b = -464, 3*y + 4*b - 323 - 373 = 0. What is the hundreds digit of y?
2
Let g(j) = -j**2 + 12*j - 70. Let m be g(23). Let k = m - -652. What is the tens digit of k?
2
What is the units digit of (-8 - (-10031)/(-35))*(-7 + 2)?
3
Let l(v) = -7*v - 3. Let d be l(-1). Suppose -4*m = d*m - 1904. Suppose m = 18*s - 17*s. What is the hundreds digit of s?
2
Let o(x) = 29*x - 84. Let z be o(31). Suppose -3*h - z + 2540 = 0. What is the tens digit of h?
7
Let v = -532 - -532. Let h(m) = 6*m + 878. What is the units digit of h(v)?
8
Let t(l) = 233*l - 23. Let m be t(5). Let c = -701 + m. What is the tens digit of c?
4
Let u be (-11)/(-6) + -2 + 15/90. What is the tens digit of (3 + u - -157)/(2/5)?
0
Let x(s) = 657*s**2 - 44*s - 68. What is the thousands digit of x(-4)?
0
Let l(j) = -j**3 + 18*j**2 + 24*j - 8. Let o be l(19). Let w = -34 + o. Suppose -n + w + 66 = 0. What is the tens digit of n?
1
Let c = 94 + -104. Let w = c + 26. Suppose -11*g + 379 - w = 0. What is the tens digit of g?
3
Let w(v) = v**2 + 2*v - 7. Let b be w(-5). Suppose 2*z - 3*q = -6, 20*z - 22*z = -6*q + 12. Suppose -d - b*d + 1521 = z. What is the tens digit of d?
6
Let r(f) = 2*f**3 - 16*f**2 - f + 13. Let o be r(8). Suppose -5*s - 3*b + 6298 = 0, -4 = -o*b + 1. What is the units digit of s?
9
Suppose -17 - 17 = -2*i + q, 4*i = -4*q + 56. Let y = i + -10. Suppose -210 = -y*l - 0*l. What is the units digit of l?
5
Let h(d) = d**2 - 33*d + 71. Let l be h(31). Suppose -l*y + 11*y - 952 = 5*o, -8 = 4*o. What is the hundreds digit of y?
4
Let g be (-22)/(-6) - ((-12)/(-9))/(-4). Suppose -3*i = 3*o + 36, 3*o + 22 = g*i - 0*i. Let f = 29 + o. What is the tens digit of f?
1
Let v = -366 + 337. Let y(s) = s**2 - 3*s + 48. What is the tens digit of y(v)?
7
Let y(c) = 2*c**3 - 9*c**2 - 3*c + 6. Let k be y(-4). Let b = 63 - k. What is the tens digit of b?
1
Let i(b) = b**2 + 10*b - 169. Let d be i(12). Suppose 107*u - 7104 = d*u. What is the hundreds digit of u?
5
Let m(j) = -j**3 + 4*j**2 + 17*j - 55. Let x be m(6). Let h(v) = -54*v - 195. What is the hundreds digit of h(x)?
1
Let p = 22 - 18. Let k(i) = 124*i + 100. What is the hundreds digit of k(p)?
5
Let s = -216 + 298. Let u = 461 + s. What is the hundreds digit of u?
5
Let o be (-4)/4 + 62*7. Let k = 931 - o. What is the hundreds digit of k?
4
Let c = 3 + 19. Suppose 4*s - 3*q = -11 + 29, 5*q + c = 4*s. What is the units digit of -4 + s + 5 + 132?
6
Let r(w) = -2*w**3 + 31*w**2 - 67*w + 62. Let c(b) = -3*b**3 + 32*b**2 - 68*b + 60. Let a(q) = -3*c(q) + 4*r(q). What is the hundreds digit of a(-30)?
1
Let u = 62304 + -39842. What is the tens digit of u?
6
Let n(o) = -3*o + 30. Let m be n(0). Suppose 306 = m*y - 27*y. What is the tens digit of y?
0
Let w be 366/(-12) + 1/(-2). Suppose -4*h = l - 408, 0*l - 2*l - 317 = -3*h. Let n = w + h. What is the units digit of n?
2
Let h = 23 - 29. Let c(r) = 2 + 50*r - 11 - 78*r. What is the hundreds digit of c(h)?
1
Suppose q - 8*f - 14760 = -4*f, 4*f + 29504 = 2*q. What is the hundreds digit of q?
7
Let n(m) = -17*m + 44. Let y be n(-2). What is the hundreds digit of 63894/y - 6/39?
8
Let r(p) = p**3 + p**2 - 2*p + 29. Suppose 0 = 4*u - 50 + 26. Suppose 3*f = -2*f + u*f. What is the tens digit of r(f)?
2
Suppose -21189 = -3*w - 3*l, -5*w = -8*l + 10*l - 35327. What is the hundreds digit of w?
0
Let s = -113 - -115. Suppose 5*w = k - 124, -k - 3*w - s*w + 134 = 0. Suppose -k = -2*n + 231. What is the tens digit of n?
8
Let f(v) be the second derivative of 9*v**4/4 - 5*v**3/3 + v**2/2 + 5*v. Let x(r) = -7*r + 313. Let z be x(45). What is the tens digit of f(z)?
2
Let c = 20 + -2